{"id":97,"date":"2024-05-08T07:58:43","date_gmt":"2024-05-08T07:58:43","guid":{"rendered":"https:\/\/leak24.eu\/?page_id=97"},"modified":"2024-05-13T05:48:47","modified_gmt":"2024-05-13T05:48:47","slug":"stelleanzeige","status":"publish","type":"page","link":"https:\/\/leak24.eu\/index.php\/stelleanzeige\/","title":{"rendered":"Karriere"},"content":{"rendered":"\n<p class=\"has-large-font-size\"><strong>Karriere<\/strong><\/p>\n\n\n\n<p>Unsere Mission ist eine effektive und effiziente Schadenbearbeitung im Immobilienumfeld. Dabei hat eine hohe Kundenzufriedenheit die oberste Priorit\u00e4t. Zu unseren Leistungen geh\u00f6ren die Lokalisation und Behebung von Wassersch\u00e4den, die Bautrocknung und Bauheizung, sowie die Wiederherstellung des Vorschadenzustands. Auch die Schadensanierung nach Einbr\u00fcchen geh\u00f6rt zu unseren Aufgaben.<\/p>\n\n\n\n<p>Sie m\u00f6chten in unserem Team die Schadenbehebung im Immobilienumfeld aktiv mitge\u00adstalten und im Sinne unserer Kunden zielf\u00fchrend vorantreiben? Dann sind Sie bei uns genau richtig!<\/p>\n\n\n\n<p>Wir suchen: <strong>Koordinator Schadenbearbeitung im Immobilienumfeld<\/strong><br>Beschreibung : <a href=\"https:\/\/de.indeed.com\/job\/koordinator-schadenbearbeitung-im-immobilienumfeld-eece6bdab70c6340\">externer Link zu Indeed<\/a><\/p>\n\n\n\n<p>Wir freuen uns auf ihre vollst\u00e4ndige Bewerbung:<\/p>\n","protected":false},"excerpt":{"rendered":"<p>Karriere Unsere Mission ist eine effektive und effiziente Schadenbearbeitung im Immobilienumfeld. Dabei hat eine hohe Kundenzufriedenheit die oberste Priorit\u00e4t. Zu unseren Leistungen geh\u00f6ren die Lokalisation und Behebung von Wassersch\u00e4den, die Bautrocknung und Bauheizung, sowie die Wiederherstellung des Vorschadenzustands. Auch die Schadensanierung nach Einbr\u00fcchen geh\u00f6rt zu unseren Aufgaben. Sie m\u00f6chten in unserem Team die Schadenbehebung im&hellip;<\/p>\n<p class=\"more-link\"><a href=\"https:\/\/leak24.eu\/index.php\/stelleanzeige\/\" class=\"themebutton2\">Read More<\/a><\/p>\n","protected":false},"author":2,"featured_media":0,"parent":0,"menu_order":0,"comment_status":"closed","ping_status":"closed","template":"","meta":{"footnotes":""},"categories":[],"tags":[],"class_list":["post-97","page","type-page","status-publish","hentry"],"_links":{"self":[{"href":"https:\/\/leak24.eu\/index.php\/wp-json\/wp\/v2\/pages\/97","targetHints":{"allow":["GET"]}}],"collection":[{"href":"https:\/\/leak24.eu\/index.php\/wp-json\/wp\/v2\/pages"}],"about":[{"href":"https:\/\/leak24.eu\/index.php\/wp-json\/wp\/v2\/types\/page"}],"author":[{"embeddable":true,"href":"https:\/\/leak24.eu\/index.php\/wp-json\/wp\/v2\/users\/2"}],"replies":[{"embeddable":true,"href":"https:\/\/leak24.eu\/index.php\/wp-json\/wp\/v2\/comments?post=97"}],"version-history":[{"count":7,"href":"https:\/\/leak24.eu\/index.php\/wp-json\/wp\/v2\/pages\/97\/revisions"}],"predecessor-version":[{"id":109,"href":"https:\/\/leak24.eu\/index.php\/wp-json\/wp\/v2\/pages\/97\/revisions\/109"}],"wp:attachment":[{"href":"https:\/\/leak24.eu\/index.php\/wp-json\/wp\/v2\/media?parent=97"}],"wp:term":[{"taxonomy":"category","embeddable":true,"href":"https:\/\/leak24.eu\/index.php\/wp-json\/wp\/v2\/categories?post=97"},{"taxonomy":"post_tag","embeddable":true,"href":"https:\/\/leak24.eu\/index.php\/wp-json\/wp\/v2\/tags?post=97"}],"curies":[{"name":"wp","href":"https:\/\/api.w.org\/{rel}","templated":true}]}}