{"id":8,"date":"2023-08-30T06:32:12","date_gmt":"2023-08-30T06:32:12","guid":{"rendered":"https:\/\/leak24.eu\/?page_id=8"},"modified":"2024-06-10T13:57:23","modified_gmt":"2024-06-10T13:57:23","slug":"wasserschaeden-beseitigen","status":"publish","type":"page","link":"https:\/\/leak24.eu\/","title":{"rendered":"Wassersch\u00e4den beseitigen"},"content":{"rendered":"\n<p class=\"has-large-font-size\" id=\"Wasserschaeden\">Wassersch\u00e4den beseitigen<\/p>\n\n\n\n<figure class=\"wp-block-image size-full is-resized\"><img loading=\"lazy\" decoding=\"async\" width=\"2560\" height=\"1706\" src=\"https:\/\/leak24.eu\/wp-content\/uploads\/2024\/05\/shutterstock_221766814_sp-scaled.jpg\" alt=\"\" class=\"wp-image-84\" style=\"width:840px;height:561px\" srcset=\"https:\/\/leak24.eu\/wp-content\/uploads\/2024\/05\/shutterstock_221766814_sp-scaled.jpg 2560w, https:\/\/leak24.eu\/wp-content\/uploads\/2024\/05\/shutterstock_221766814_sp-300x200.jpg 300w, https:\/\/leak24.eu\/wp-content\/uploads\/2024\/05\/shutterstock_221766814_sp-1024x683.jpg 1024w, https:\/\/leak24.eu\/wp-content\/uploads\/2024\/05\/shutterstock_221766814_sp-768x512.jpg 768w, https:\/\/leak24.eu\/wp-content\/uploads\/2024\/05\/shutterstock_221766814_sp-1536x1024.jpg 1536w, https:\/\/leak24.eu\/wp-content\/uploads\/2024\/05\/shutterstock_221766814_sp-2048x1365.jpg 2048w, https:\/\/leak24.eu\/wp-content\/uploads\/2024\/05\/shutterstock_221766814_sp-570x380.jpg 570w, https:\/\/leak24.eu\/wp-content\/uploads\/2024\/05\/shutterstock_221766814_sp-380x254.jpg 380w, https:\/\/leak24.eu\/wp-content\/uploads\/2024\/05\/shutterstock_221766814_sp-285x190.jpg 285w\" sizes=\"auto, (max-width: 2560px) 100vw, 2560px\" \/><\/figure>\n\n\n\n<p class=\"has-medium-font-size\">Wir beseitigen Wassersch\u00e4den r\u00fcckstandslos !<\/p>\n\n\n\n<p class=\"has-medium-font-size\">Feuchte W\u00e4nde und Mauern, deren Ursache zum Beispiel durch Sch\u00e4den am Dach, durch Leitungssch\u00e4den oder durch aufsteigende Feuchte entstanden sind, sind ein Gesundheitsrisiko und bed\u00fcrfen sofortiger Abhilfe.<\/p>\n\n\n\n<figure class=\"wp-block-image size-full is-resized\"><img loading=\"lazy\" decoding=\"async\" width=\"2560\" height=\"1440\" src=\"https:\/\/leak24.eu\/wp-content\/uploads\/2024\/05\/shutterstock_625124798_sp-scaled.jpg\" alt=\"\" class=\"wp-image-86\" style=\"width:367px;height:207px\" srcset=\"https:\/\/leak24.eu\/wp-content\/uploads\/2024\/05\/shutterstock_625124798_sp-scaled.jpg 2560w, https:\/\/leak24.eu\/wp-content\/uploads\/2024\/05\/shutterstock_625124798_sp-300x169.jpg 300w, https:\/\/leak24.eu\/wp-content\/uploads\/2024\/05\/shutterstock_625124798_sp-1024x576.jpg 1024w, https:\/\/leak24.eu\/wp-content\/uploads\/2024\/05\/shutterstock_625124798_sp-768x432.jpg 768w, https:\/\/leak24.eu\/wp-content\/uploads\/2024\/05\/shutterstock_625124798_sp-1536x864.jpg 1536w, https:\/\/leak24.eu\/wp-content\/uploads\/2024\/05\/shutterstock_625124798_sp-2048x1152.jpg 2048w\" sizes=\"auto, (max-width: 2560px) 100vw, 2560px\" \/><\/figure>\n\n\n\n<p class=\"has-medium-font-size\">Zur Behebung dieser Wassersch\u00e4den bedienen wir uns der neuesten Me\u00df- und Trocknungstechnik. Durch die Leckage-Ortung kommen wir den Ursachen schnell auf die Spur. &nbsp;Die Ursachen werden dokumentiert und im Anschluss wird Ihnen eine fachgerechte L\u00f6sung zur Beseitigung pr\u00e4sentiert. Mit gr\u00f6\u00dfter Sorgfalt und Professionalit\u00e4t werden die Wassersch\u00e4den beseitigt und eine fachgerechte Sanierung durchgef\u00fchrt.<\/p>\n\n\n\n<p class=\"has-large-font-size\" id=\"schimmel\"><strong>Schimmel eruieren und beseitigen<\/strong><\/p>\n\n\n\n<div class=\"wp-block-columns is-layout-flex wp-container-core-columns-is-layout-9d6595d7 wp-block-columns-is-layout-flex\">\n<div class=\"wp-block-column is-layout-flow wp-block-column-is-layout-flow\" style=\"flex-basis:100%\">\n<div class=\"wp-block-columns is-layout-flex wp-container-core-columns-is-layout-9d6595d7 wp-block-columns-is-layout-flex\">\n<div class=\"wp-block-column is-layout-flow wp-block-column-is-layout-flow\">\n<figure class=\"wp-block-image size-full is-resized\"><img loading=\"lazy\" decoding=\"async\" width=\"1200\" height=\"800\" src=\"https:\/\/leak24.eu\/wp-content\/uploads\/2024\/05\/shutterstock_2135683647_sp_kl.jpg\" alt=\"\" class=\"wp-image-88\" style=\"width:426px;height:285px\" srcset=\"https:\/\/leak24.eu\/wp-content\/uploads\/2024\/05\/shutterstock_2135683647_sp_kl.jpg 1200w, https:\/\/leak24.eu\/wp-content\/uploads\/2024\/05\/shutterstock_2135683647_sp_kl-300x200.jpg 300w, https:\/\/leak24.eu\/wp-content\/uploads\/2024\/05\/shutterstock_2135683647_sp_kl-1024x683.jpg 1024w, https:\/\/leak24.eu\/wp-content\/uploads\/2024\/05\/shutterstock_2135683647_sp_kl-768x512.jpg 768w, https:\/\/leak24.eu\/wp-content\/uploads\/2024\/05\/shutterstock_2135683647_sp_kl-570x380.jpg 570w, https:\/\/leak24.eu\/wp-content\/uploads\/2024\/05\/shutterstock_2135683647_sp_kl-380x254.jpg 380w, https:\/\/leak24.eu\/wp-content\/uploads\/2024\/05\/shutterstock_2135683647_sp_kl-285x190.jpg 285w\" sizes=\"auto, (max-width: 1200px) 100vw, 1200px\" \/><\/figure>\n<\/div>\n\n\n\n<div class=\"wp-block-column is-layout-flow wp-block-column-is-layout-flow\">\n<figure class=\"wp-block-image size-full is-resized\"><img loading=\"lazy\" decoding=\"async\" width=\"1200\" height=\"801\" src=\"https:\/\/leak24.eu\/wp-content\/uploads\/2024\/05\/shutterstock_1155759193_sp_kl.jpg\" alt=\"\" class=\"wp-image-89\" style=\"width:378px;height:284px\" srcset=\"https:\/\/leak24.eu\/wp-content\/uploads\/2024\/05\/shutterstock_1155759193_sp_kl.jpg 1200w, https:\/\/leak24.eu\/wp-content\/uploads\/2024\/05\/shutterstock_1155759193_sp_kl-300x200.jpg 300w, https:\/\/leak24.eu\/wp-content\/uploads\/2024\/05\/shutterstock_1155759193_sp_kl-1024x684.jpg 1024w, https:\/\/leak24.eu\/wp-content\/uploads\/2024\/05\/shutterstock_1155759193_sp_kl-768x513.jpg 768w, https:\/\/leak24.eu\/wp-content\/uploads\/2024\/05\/shutterstock_1155759193_sp_kl-570x380.jpg 570w, https:\/\/leak24.eu\/wp-content\/uploads\/2024\/05\/shutterstock_1155759193_sp_kl-380x254.jpg 380w, https:\/\/leak24.eu\/wp-content\/uploads\/2024\/05\/shutterstock_1155759193_sp_kl-285x190.jpg 285w\" sizes=\"auto, (max-width: 1200px) 100vw, 1200px\" \/><\/figure>\n<\/div>\n<\/div>\n<\/div>\n<\/div>\n\n\n\n<p class=\"has-medium-font-size\">Schimmelpilzbefall im Haus oder in der Wohnung ist eine Gefahr f\u00fcr Ihre Gesundheit und f\u00fchrt unweigerlich zu schweren Besch\u00e4digungen an Ihrem Geb\u00e4ude. Deshalb ist eine sofortige und r\u00fcckstandslose Schimmelbeseitigung unabdingbar.<\/p>\n\n\n\n<p class=\"has-medium-font-size\">Die Ursache f\u00fcr einen Schimmelbefall ist Feuchtigkeit, die in Verbindung mit organischen Stoffen den N\u00e4hrboden f\u00fcr Schimmelpilzkulturen liefert und ihren Wachstum f\u00f6rdert. Hierdurch entstehen Pilzgeflechte, die sich explosionsartig vermehren.<\/p>\n\n\n\n<p class=\"has-medium-font-size\">Sollte ein Schimmelpilzbefall vorhanden sein, so ist eine detaillierte Analyse am Objekt durch einen Fachmann notwendig. Ist die Ursache gefunden, kann die Schimmelpilzbeseitigung in Angriff genommen werden.<\/p>\n\n\n\n<p class=\"has-large-font-size\" id=\"bautrocknung\"><strong>Bautrocknung<\/strong><\/p>\n\n\n\n<figure class=\"wp-block-image size-full is-resized\"><img loading=\"lazy\" decoding=\"async\" width=\"2400\" height=\"1800\" src=\"https:\/\/leak24.eu\/wp-content\/uploads\/2024\/05\/shutterstock_380044132_sp.jpg\" alt=\"\" class=\"wp-image-91\" style=\"width:840px;height:630px\" srcset=\"https:\/\/leak24.eu\/wp-content\/uploads\/2024\/05\/shutterstock_380044132_sp.jpg 2400w, https:\/\/leak24.eu\/wp-content\/uploads\/2024\/05\/shutterstock_380044132_sp-300x225.jpg 300w, https:\/\/leak24.eu\/wp-content\/uploads\/2024\/05\/shutterstock_380044132_sp-1024x768.jpg 1024w, https:\/\/leak24.eu\/wp-content\/uploads\/2024\/05\/shutterstock_380044132_sp-768x576.jpg 768w, https:\/\/leak24.eu\/wp-content\/uploads\/2024\/05\/shutterstock_380044132_sp-1536x1152.jpg 1536w, https:\/\/leak24.eu\/wp-content\/uploads\/2024\/05\/shutterstock_380044132_sp-2048x1536.jpg 2048w, https:\/\/leak24.eu\/wp-content\/uploads\/2024\/05\/shutterstock_380044132_sp-380x285.jpg 380w, https:\/\/leak24.eu\/wp-content\/uploads\/2024\/05\/shutterstock_380044132_sp-285x214.jpg 285w\" sizes=\"auto, (max-width: 2400px) 100vw, 2400px\" \/><\/figure>\n\n\n\n<p class=\"has-medium-font-size\">Technische Bautrocknung \/ Geb\u00e4udetrocknung spart Zeit und Geld<\/p>\n\n\n\n<p class=\"has-medium-font-size\">F\u00fcr jeden Bauherren ist es ein ebenso riesiges wie bekanntes Problem: N\u00e4sse und Feuchtigkeit im Bau und in der Bausubstanz. Frischer Beton, Estrich, Putz&#8230; also reichlich Wasser! Fachm\u00e4nnisch aufgebrachter Flie\u00dfestrich speichert rund 8 Liter Wasser pro Quadratmeter! Das sind allein beim Estrich bei einer Fl\u00e4che von 150 qm rund 1.200 Liter Wasser und bezieht das Wasser durch Putz und Beton noch nicht mit ein. Und so zieht sich diese gewaltige Menge an Wasser durch den gesamten Bau. Sie muss zun\u00e4chst heraus, bevor Sie dampfdichte Wand- und Bodenbel\u00e4ge verlegen kann.<\/p>\n\n\n\n<ul class=\"wp-block-list\">\n<li class=\"has-medium-font-size\">Technische Bautrocknung&#8230;<\/li>\n\n\n\n<li class=\"has-medium-font-size\">verk\u00fcrzt Neubauzeiten<\/li>\n\n\n\n<li class=\"has-medium-font-size\">spart Baukosten<\/li>\n\n\n\n<li class=\"has-medium-font-size\">spart Heizkosten in den ersten 3 Jahren um bis zu 300%<\/li>\n\n\n\n<li class=\"has-medium-font-size\">verhindert Bausch\u00e4den \/ Folgesch\u00e4den durch Restfeuchte<\/li>\n\n\n\n<li class=\"has-medium-font-size\">verhindert Schimmelbildung<\/li>\n\n\n\n<li class=\"has-medium-font-size\">verhindert Mietverluste bei p\u00fcnktlicher Baufertigstellung<\/li>\n\n\n\n<li class=\"has-medium-font-size\">verbessert das Wohn- und Arbeitsklima<\/li>\n<\/ul>\n\n\n\n<p class=\"has-medium-font-size\">Daher ist es besonders wichtig, dass die Bausubstanz durch eine funktionierende Bauabdichtung dauerhaft gegen Feuchtigkeit gesch\u00fctzt ist.<\/p>\n\n\n\n<p class=\"has-medium-font-size\"><\/p>\n\n\n\n<p class=\"has-large-font-size\" id=\"baubeheizung\"><strong>Effektive Baubeheizung<\/strong><\/p>\n\n\n\n<figure class=\"wp-block-image size-full\"><img loading=\"lazy\" decoding=\"async\" width=\"2400\" height=\"1601\" src=\"https:\/\/leak24.eu\/wp-content\/uploads\/2024\/05\/shutterstock_2350225429_sp.jpg\" alt=\"\" class=\"wp-image-93\" srcset=\"https:\/\/leak24.eu\/wp-content\/uploads\/2024\/05\/shutterstock_2350225429_sp.jpg 2400w, https:\/\/leak24.eu\/wp-content\/uploads\/2024\/05\/shutterstock_2350225429_sp-300x200.jpg 300w, https:\/\/leak24.eu\/wp-content\/uploads\/2024\/05\/shutterstock_2350225429_sp-1024x683.jpg 1024w, https:\/\/leak24.eu\/wp-content\/uploads\/2024\/05\/shutterstock_2350225429_sp-768x512.jpg 768w, https:\/\/leak24.eu\/wp-content\/uploads\/2024\/05\/shutterstock_2350225429_sp-1536x1025.jpg 1536w, https:\/\/leak24.eu\/wp-content\/uploads\/2024\/05\/shutterstock_2350225429_sp-2048x1366.jpg 2048w, https:\/\/leak24.eu\/wp-content\/uploads\/2024\/05\/shutterstock_2350225429_sp-570x380.jpg 570w, https:\/\/leak24.eu\/wp-content\/uploads\/2024\/05\/shutterstock_2350225429_sp-380x254.jpg 380w, https:\/\/leak24.eu\/wp-content\/uploads\/2024\/05\/shutterstock_2350225429_sp-285x190.jpg 285w\" sizes=\"auto, (max-width: 2400px) 100vw, 2400px\" \/><\/figure>\n\n\n\n<p class=\"has-medium-font-size\">Baubeheizung &#8211; Trocknung in der Bauphase<\/p>\n\n\n\n<p class=\"has-medium-font-size\">Feuchtigkeit sammelt sich in den Baumaterialien, wie z.B. im Holz oder Mauerwerk und befindet sich nicht allein in der Umgebungsluft. Daher ist es wichtig die Baustelle, vor allem im Winter, auf Temperatur zu halten um den Baufortschritt gew\u00e4hrleisten zu k\u00f6nnen und Verz\u00f6gerungen der Bauphasen auszuschlie\u00dfen.<\/p>\n\n\n\n<p class=\"has-medium-font-size\">Bei Temperaturen unter 12 \u00b0C sollte bei der Bautrocknung also zus\u00e4tzlich geheizt werden, da sich bei diesen Klimaverh\u00e4ltnissen die Feuchtigkeit kaum noch binden kann. Die Temperatur, sowie die relative Luftfeuchte, hat einen gro\u00dfen Einfluss auf das Austrocknungsverhalten von Estrichen.<\/p>\n\n\n\n<p class=\"has-medium-font-size\">Um also Zeit und Geld zu sparen liegt es deshalb nahe, die Bauobjekte zu trocknen. Beendet werden sollte die Trocknung erst dann, wenn die Restfeuchte im Mauerwerk und im Estrich die normale Ausgleichsfeuchte erreicht hat. In der Regel ist das nach ca. 10-14 Tagen.<\/p>\n\n\n\n<p class=\"has-medium-font-size\">Gerne informieren wir Sie \u00fcber unsere unterschiedlichen Heizmethoden.<\/p>\n\n\n\n<p class=\"has-large-font-size\" id=\"geruchsneutralisation\"><strong>Geruchsneutralisation<\/strong><\/p>\n\n\n\n<figure class=\"wp-block-image size-full\"><img loading=\"lazy\" decoding=\"async\" width=\"2400\" height=\"844\" src=\"https:\/\/leak24.eu\/wp-content\/uploads\/2024\/05\/shutterstock_1856278816_sp.jpg\" alt=\"\" class=\"wp-image-94\" srcset=\"https:\/\/leak24.eu\/wp-content\/uploads\/2024\/05\/shutterstock_1856278816_sp.jpg 2400w, https:\/\/leak24.eu\/wp-content\/uploads\/2024\/05\/shutterstock_1856278816_sp-300x106.jpg 300w, https:\/\/leak24.eu\/wp-content\/uploads\/2024\/05\/shutterstock_1856278816_sp-1024x360.jpg 1024w, https:\/\/leak24.eu\/wp-content\/uploads\/2024\/05\/shutterstock_1856278816_sp-768x270.jpg 768w, https:\/\/leak24.eu\/wp-content\/uploads\/2024\/05\/shutterstock_1856278816_sp-1536x540.jpg 1536w, https:\/\/leak24.eu\/wp-content\/uploads\/2024\/05\/shutterstock_1856278816_sp-2048x720.jpg 2048w\" sizes=\"auto, (max-width: 2400px) 100vw, 2400px\" \/><\/figure>\n\n\n\n<p class=\"has-medium-font-size\">Bei der Verwesung entstehen unangenehme Ger\u00fcche, hier hilft nur ein professionelles Geruchsneutralisationsverfahren.<\/p>\n\n\n\n<p class=\"has-medium-font-size\">Wir verwenden spezielle Verfahren zur Neutralisierung von Verwesungsgeruch, der vor allem dann entsteht, wenn eine Leiche oder Tierkadaver \u00fcber einen l\u00e4ngeren Zeitraum gelegen hat. Wir entfernen selbst hartn\u00e4ckigste Ger\u00fcche und verzichten dabei weitgehend auf Chemikalien. Geruchsquellen werden von uns ermittelt und gezielt bek\u00e4mpft. Durch Oxidation werden Ger\u00fcche anschlie\u00dfend neutralisiert. Ein schonendes Verfahren, das die Umgebungsluft auch von Keimen und Krankheitserregern befreit.<\/p>\n\n\n\n<p class=\"has-medium-font-size\">Nach Besichtigung des Objekts und anschlie\u00dfender Beratung durch unser Fachpersonal empfehlen wir Ihnen die geeigneten Verfahren zur Geruchsneutralisierung an, die eine schnelle Wiederbenutzung und Bewohnbarkeit der R\u00e4ume gew\u00e4hrleisten.<\/p>\n\n\n\n<p class=\"has-medium-font-size\"><\/p>\n\n\n\n<p class=\"has-medium-font-size\"><\/p>\n\n\n\n<p><\/p>\n","protected":false},"excerpt":{"rendered":"<p>Wassersch\u00e4den beseitigen Wir beseitigen Wassersch\u00e4den r\u00fcckstandslos ! Feuchte W\u00e4nde und Mauern, deren Ursache zum Beispiel durch Sch\u00e4den am Dach, durch Leitungssch\u00e4den oder durch aufsteigende Feuchte entstanden sind, sind ein Gesundheitsrisiko und bed\u00fcrfen sofortiger Abhilfe. Zur Behebung dieser Wassersch\u00e4den bedienen wir uns der neuesten Me\u00df- und Trocknungstechnik. Durch die Leckage-Ortung kommen wir den Ursachen schnell auf&hellip;<\/p>\n<p class=\"more-link\"><a href=\"https:\/\/leak24.eu\/\" class=\"themebutton2\">Read More<\/a><\/p>\n","protected":false},"author":1,"featured_media":0,"parent":0,"menu_order":0,"comment_status":"closed","ping_status":"closed","template":"","meta":{"footnotes":""},"categories":[],"tags":[],"class_list":["post-8","page","type-page","status-publish","hentry"],"_links":{"self":[{"href":"https:\/\/leak24.eu\/index.php\/wp-json\/wp\/v2\/pages\/8","targetHints":{"allow":["GET"]}}],"collection":[{"href":"https:\/\/leak24.eu\/index.php\/wp-json\/wp\/v2\/pages"}],"about":[{"href":"https:\/\/leak24.eu\/index.php\/wp-json\/wp\/v2\/types\/page"}],"author":[{"embeddable":true,"href":"https:\/\/leak24.eu\/index.php\/wp-json\/wp\/v2\/users\/1"}],"replies":[{"embeddable":true,"href":"https:\/\/leak24.eu\/index.php\/wp-json\/wp\/v2\/comments?post=8"}],"version-history":[{"count":19,"href":"https:\/\/leak24.eu\/index.php\/wp-json\/wp\/v2\/pages\/8\/revisions"}],"predecessor-version":[{"id":116,"href":"https:\/\/leak24.eu\/index.php\/wp-json\/wp\/v2\/pages\/8\/revisions\/116"}],"wp:attachment":[{"href":"https:\/\/leak24.eu\/index.php\/wp-json\/wp\/v2\/media?parent=8"}],"wp:term":[{"taxonomy":"category","embeddable":true,"href":"https:\/\/leak24.eu\/index.php\/wp-json\/wp\/v2\/categories?post=8"},{"taxonomy":"post_tag","embeddable":true,"href":"https:\/\/leak24.eu\/index.php\/wp-json\/wp\/v2\/tags?post=8"}],"curies":[{"name":"wp","href":"https:\/\/api.w.org\/{rel}","templated":true}]}}